{"id":2761,"date":"2025-05-14T08:22:19","date_gmt":"2025-05-14T06:22:19","guid":{"rendered":"https:\/\/amtp.ad\/politica-de-privacitat\/"},"modified":"2025-06-05T18:41:53","modified_gmt":"2025-06-05T16:41:53","slug":"politica-de-privacitat","status":"publish","type":"page","link":"https:\/\/amtp.ad\/ca\/politica-de-privacitat\/","title":{"rendered":"Pol\u00edtica de privacitat"},"content":{"rendered":"\t\t<div data-elementor-type=\"wp-page\" data-elementor-id=\"2761\" class=\"elementor elementor-2761 elementor-1663\" data-elementor-post-type=\"page\">\n\t\t\t\t<div class=\"elementor-element elementor-element-c1ffebb e-flex e-con-boxed e-con e-parent\" data-id=\"c1ffebb\" data-element_type=\"container\" data-settings=\"{&quot;jet_parallax_layout_list&quot;:[]}\">\n\t\t\t\t\t<div class=\"e-con-inner\">\n\t\t\t\t<div class=\"elementor-element elementor-element-d1ff603 elementor-widget elementor-widget-heading\" data-id=\"d1ff603\" data-element_type=\"widget\" data-widget_type=\"heading.default\">\n\t\t\t\t<div class=\"elementor-widget-container\">\n\t\t\t\t\t<h1 class=\"elementor-heading-title elementor-size-default\">Pol\u00edtica de privacitat<\/h1>\t\t\t\t<\/div>\n\t\t\t\t<\/div>\n\t\t\t\t<div class=\"elementor-element elementor-element-94b1108 elementor-widget elementor-widget-text-editor\" data-id=\"94b1108\" data-element_type=\"widget\" data-widget_type=\"text-editor.default\">\n\t\t\t\t<div class=\"elementor-widget-container\">\n\t\t\t\t\t\t\t\t\t<h3><strong>Pol\u00edtica de privacitat<\/strong><\/h3><h4>Article 1. Objectiu i modificaci\u00f3 de la pol\u00edtica de privacitat <\/h4><p><strong>Objectiu d&#8217;aquest Acord<\/strong><\/p><p>Aquest lloc web d\u00f3na molta import\u00e0ncia al respecte a la vostra privadesa i, per extensi\u00f3, a l \u201c\u00fas de les vostres dades personals. Per tant, hem escrit la nostra Pol\u00edtica de privadesa amb l\u201d objectiu de la claredat i la transpar\u00e8ncia, posant el vostre consentiment al centre de l \u201catenci\u00f3. Som conscients d\u201d aquests problemes t\u00e8cnics i quedem a la vostra disposici\u00f3 per a qualsevol pregunta que pugueu tenir.  <\/p><p>En primer lloc, qu\u00e8 entenem per \u201cdades personals\u201d? La CNIL (www.cnil.fr) defineix les dades personals com \u201cqualsevol informaci\u00f3 relativa a una persona f\u00edsica identificada o identificable\u201d. Aix\u00f2 significa qualsevol informaci\u00f3 que us pugui identificar, directament o indirectament. Alguns exemples s\u00f3n el vostre nom i cognoms, el vostre n\u00famero de tel\u00e8fon, la vostra contrasenya, etc. La llista no \u00e9s exhaustiva.   <\/p><p>La nostra Pol\u00edtica de privacitat regeix i especifica com el lloc web recopila i utilitza les vostres dades personals. Aquesta carta tamb\u00e9 pret\u00e9n informar-vos dels vostres drets. Aquesta Pol\u00edtica de privacitat \u00e9s una extensi\u00f3 de les nostres Condicions generals d \u201c\u00fas, i el seu compliment \u00e9s igualment imprescindible. Tamb\u00e9 us recordem, si encara no ho heu fet, que heu de llegir les nostres Condicions d\u201d \u00fas.   <\/p><p> <\/p><h4><strong>Article 2. Recollida de dades <\/strong><\/h4><p>Recopilem dades personals que ens proporcioneu volunt\u00e0riament quan feu servir el nostre lloc web o us poseu en contacte amb nosaltres. Fem servir aquesta informaci\u00f3 per respondre a les vostres sol\u00b7licituds, processar les vostres transaccions i millorar els nostres serveis. <br><br><\/p><p><strong>2.1 Quines dades personals recopilem?<\/strong><\/p><p>Les dades personals que recopilem inclouen el vostre nom i cognoms, adre\u00e7a de correu electr\u00f2nic, n\u00famero de tel\u00e8fon, adre\u00e7a postal i qualsevol altra informaci\u00f3 que ens proporcioneu volunt\u00e0riament. Tamb\u00e9 recopilem informaci\u00f3 sobre el vostre \u00fas del nostre lloc web, com ara les p\u00e0gines que visualitzeu i les accions que feu. <br><br><\/p><p><strong>2.2 Com utilitzem les vostres dades personals?<\/strong><\/p><p>Fem servir les vostres dades personals per a les seg\u00fcents finalitats:<\/p><p>Respondre a les vostres sol\u00b7licituds i processar les vostres transaccions.<br> Millorar el nostre lloc web i els nostres serveis.<br> Comunicar-nos amb vost\u00e8 sobre els nostres serveis i ofertes promocionals.<br> Complir amb les nostres obligacions legals.<br><br><\/p><p><strong>2.3 Com protegim les vostres dades personals?<\/strong><\/p><p>Prenem les mesures de seguretat adequades per protegir les vostres dades personals contra p\u00e8rdues, mal \u00fas, acc\u00e9s no autoritzat, divulgaci\u00f3 o alteraci\u00f3. Limitem l&#8217;acc\u00e9s a les vostres dades personals a aquells empleats que les necessiten per prestar els nostres serveis. <br><br><\/p><p><strong>2.4 Amb qui compartim les vostres dades personals?<\/strong><\/p><p>No compartim les vostres dades personals amb tercers, tret que ho exigeixi la llei o sigui necessari per proporcionar els nostres serveis (per exemple, amb el nostre prove\u00efdor d&#8217;allotjament web per garantir el funcionament del nostre lloc web).<br><br><\/p><p><strong>2.5 Quant de temps conservem les vostres dades personals?<\/strong><\/p><p>Conservem les vostres dades personals durant el temps que sigui necessari per prestar els nostres serveis i complir amb les nostres obligacions legals.<br><br><\/p><p><strong>2.6 Els seus drets relacionats amb les seves dades personals<\/strong><\/p><p>Tens dret a accedir, rectificar o suprimir les teves dades personals. Tamb\u00e9 tens dret a oposar-te al tractament de les teves dades o sol\u00b7licitar-ne la portabilitat. Per exercir aquests drets o si tens cap pregunta o dubte sobre la recopilaci\u00f3 i l&#8217;\u00fas de les teves dades personals, contacta amb nosaltres a trav\u00e9s de la p\u00e0gina de contacte.  <br><br><\/p><h4>Article 3. Modificaci\u00f3 de la nostra pol\u00edtica de privacitat <\/h4><p>Ens reservem el dret de modificar aquesta pol\u00edtica de privacitat en qualsevol moment. Us animem a revisar aquesta pol\u00edtica peri\u00f2dicament per mantenir-vos informats de les nostres pr\u00e0ctiques de privacitat. <br><br><\/p><h3>Pol\u00edtica de cookies<\/h3><p>El nostre lloc web utilitza cookies per millorar l \u201cexperi\u00e8ncia de navegaci\u00f3 dels nostres usuaris. Les cookies s\u00f3n petits fitxers de text que es col\u00b7loquen a l\u201d ordinador o al dispositiu m\u00f2bil quan visiteu un lloc web. <\/p><h4>Tipus de galetes<\/h4><p><strong>Fem servir dos tipus de cookies al nostre lloc web.<\/strong><\/p><ul><li>Galetes funcionals: Aquestes galetes s\u00f3n necess\u00e0ries perqu\u00e8 el lloc web funcioni i et permeten utilitzar les seves funcions, com ara accedir a p\u00e0gines segures.<\/li><li>Galetes de seguiment: Aquestes galetes s&#8217;utilitzen per recopilar informaci\u00f3 sobre com els visitants utilitzen el lloc web, com ara les p\u00e0gines visitades, el temps que hi passen i qualsevol error.<\/li><\/ul><div> <\/div><p>Fem servir aquesta informaci\u00f3 per millorar el funcionament del nostre lloc web i entendre les necessitats dels nostres usuaris.<\/p><p> <\/p><p><b>Control de galetes<\/b><\/p><p>Podeu optar per acceptar o rebutjar l \u201c\u00fas de cookies al nostre lloc web. Si voleu rebutjar les cookies, podeu canviar la configuraci\u00f3 del vostre navegador per bloquejar totes les cookies o per rebre un avis abans que una cookie s\u201d emmagatzemi al vostre ordinador o dispositiu m\u00f2bil. Tanmateix, tingueu en compte que si bloquegeu les cookies, \u00e9s possible que algunes funcions del nostre lloc web no funcionin correctament.  <\/p><p>Tamb\u00e9 fem servir cookies de tercers, que col\u00b7loquen tercers com ara prove\u00efdors de serveis d \u201can\u00e0lisi. No tenim cap control sobre aquestes cookies de tercers i us recomanem que reviseu les pol\u00edtiques de privadesa d\u201d aquests tercers per obtenir m\u00e9s informaci\u00f3 sobre el seu \u00fas de les cookies. <\/p><p> <\/p><h4>Modificaci\u00f3 de la pol\u00edtica de cookies<\/h4><p>Ens reservem el dret de modificar aquesta Pol\u00edtica de Cookies en qualsevol moment. Qualsevol canvi es publicar\u00e0 en aquesta p\u00e0gina amb la data de l \u201c\u00faltima actualitzaci\u00f3. Si continueu utilitzant el nostre lloc web despr\u00e9s que s\u201d hagin publicat aquests canvis, aix\u00f2 significar\u00e0 que accepteu la Pol\u00edtica de Cookies actualitzada.  <\/p><h4>Controlador de dades<br> <span style=\"font-family: Montserrat, sans-serif; font-size: 18px; font-weight: 500; letter-spacing: normal;\">Veure avisos legals<\/span><\/h4><p>Podeu contactar amb nosaltres des de la p\u00e0gina de contacte enviant un formulari de contacte.<\/p><p>Gr\u00e0cies per la vostra confian\u00e7a i inter\u00e8s en els nostres serveis.<\/p>\t\t\t\t\t\t\t\t<\/div>\n\t\t\t\t<\/div>\n\t\t\t\t\t<\/div>\n\t\t\t\t<\/div>\n\t\t\t\t<\/div>\n\t\t","protected":false},"excerpt":{"rendered":"<p>Pol\u00edtica de privacitat Pol\u00edtica de privacitat Article 1. Objectiu i modificaci\u00f3 de la pol\u00edtica de privacitat Objectiu d&#8217;aquest Acord Aquest lloc web d\u00f3na molta import\u00e0ncia al respecte a la vostra privadesa i, per extensi\u00f3, a l \u201c\u00fas de les vostres dades personals. Per tant, hem escrit la nostra Pol\u00edtica de privadesa amb l\u201d objectiu de [&hellip;]<\/p>\n","protected":false},"author":4,"featured_media":0,"parent":0,"menu_order":0,"comment_status":"closed","ping_status":"closed","template":"","meta":{"_seopress_robots_primary_cat":"","_seopress_titles_title":"","_seopress_titles_desc":"","_seopress_robots_index":"","footnotes":""},"class_list":["post-2761","page","type-page","status-publish","hentry"],"_links":{"self":[{"href":"https:\/\/amtp.ad\/ca\/wp-json\/wp\/v2\/pages\/2761","targetHints":{"allow":["GET"]}}],"collection":[{"href":"https:\/\/amtp.ad\/ca\/wp-json\/wp\/v2\/pages"}],"about":[{"href":"https:\/\/amtp.ad\/ca\/wp-json\/wp\/v2\/types\/page"}],"author":[{"embeddable":true,"href":"https:\/\/amtp.ad\/ca\/wp-json\/wp\/v2\/users\/4"}],"replies":[{"embeddable":true,"href":"https:\/\/amtp.ad\/ca\/wp-json\/wp\/v2\/comments?post=2761"}],"version-history":[{"count":1,"href":"https:\/\/amtp.ad\/ca\/wp-json\/wp\/v2\/pages\/2761\/revisions"}],"predecessor-version":[{"id":2763,"href":"https:\/\/amtp.ad\/ca\/wp-json\/wp\/v2\/pages\/2761\/revisions\/2763"}],"wp:attachment":[{"href":"https:\/\/amtp.ad\/ca\/wp-json\/wp\/v2\/media?parent=2761"}],"curies":[{"name":"wp","href":"https:\/\/api.w.org\/{rel}","templated":true}]}}

Política de privacitat

<div data-elementor-type="wp-page" data-elementor-id="2761" class="elementor elementor-2761 elementor-1663" data-elementor-post-type="page">
				<div class="elementor-element elementor-element-c1ffebb e-flex e-con-boxed e-con e-parent" data-id="c1ffebb" data-element_type="container" data-settings="{&quot;jet_parallax_layout_list&quot;:[]}">
					<div class="e-con-inner">
				<div class="elementor-element elementor-element-d1ff603 elementor-widget elementor-widget-heading" data-id="d1ff603" data-element_type="widget" data-widget_type="heading.default">
				<div class="elementor-widget-container">
					<h1 class="elementor-heading-title elementor-size-default">Política de privacitat</h1>				</div>
				</div>
				<div class="elementor-element elementor-element-94b1108 elementor-widget elementor-widget-text-editor" data-id="94b1108" data-element_type="widget" data-widget_type="text-editor.default">
				<div class="elementor-widget-container">
									<h3><strong>Política de privacitat</strong></h3><h4>Article 1. Objectiu i modificació de la política de privacitat </h4><p><strong>Objectiu d&#8217;aquest Acord</strong></p><p>Aquest lloc web dóna molta importància al respecte a la vostra privadesa i, per extensió, a l “ús de les vostres dades personals. Per tant, hem escrit la nostra Política de privadesa amb l” objectiu de la claredat i la transparència, posant el vostre consentiment al centre de l “atenció. Som conscients d” aquests problemes tècnics i quedem a la vostra disposició per a qualsevol pregunta que pugueu tenir.  </p><p>En primer lloc, què entenem per “dades personals”? La CNIL (www.cnil.fr) defineix les dades personals com “qualsevol informació relativa a una persona física identificada o identificable”. Això significa qualsevol informació que us pugui identificar, directament o indirectament. Alguns exemples són el vostre nom i cognoms, el vostre número de telèfon, la vostra contrasenya, etc. La llista no és exhaustiva.   </p><p>La nostra Política de privacitat regeix i especifica com el lloc web recopila i utilitza les vostres dades personals. Aquesta carta també pretén informar-vos dels vostres drets. Aquesta Política de privacitat és una extensió de les nostres Condicions generals d “ús, i el seu compliment és igualment imprescindible. També us recordem, si encara no ho heu fet, que heu de llegir les nostres Condicions d” ús.   </p><p> </p><h4><strong>Article 2. Recollida de dades </strong></h4><p>Recopilem dades personals que ens proporcioneu voluntàriament quan feu servir el nostre lloc web o us poseu en contacte amb nosaltres. Fem servir aquesta informació per respondre a les vostres sol·licituds, processar les vostres transaccions i millorar els nostres serveis. <br><br></p><p><strong>2.1 Quines dades personals recopilem?</strong></p><p>Les dades personals que recopilem inclouen el vostre nom i cognoms, adreça de correu electrònic, número de telèfon, adreça postal i qualsevol altra informació que ens proporcioneu voluntàriament. També recopilem informació sobre el vostre ús del nostre lloc web, com ara les pàgines que visualitzeu i les accions que feu. <br><br></p><p><strong>2.2 Com utilitzem les vostres dades personals?</strong></p><p>Fem servir les vostres dades personals per a les següents finalitats:</p><p>Respondre a les vostres sol·licituds i processar les vostres transaccions.<br> Millorar el nostre lloc web i els nostres serveis.<br> Comunicar-nos amb vostè sobre els nostres serveis i ofertes promocionals.<br> Complir amb les nostres obligacions legals.<br><br></p><p><strong>2.3 Com protegim les vostres dades personals?</strong></p><p>Prenem les mesures de seguretat adequades per protegir les vostres dades personals contra pèrdues, mal ús, accés no autoritzat, divulgació o alteració. Limitem l&#8217;accés a les vostres dades personals a aquells empleats que les necessiten per prestar els nostres serveis. <br><br></p><p><strong>2.4 Amb qui compartim les vostres dades personals?</strong></p><p>No compartim les vostres dades personals amb tercers, tret que ho exigeixi la llei o sigui necessari per proporcionar els nostres serveis (per exemple, amb el nostre proveïdor d&#8217;allotjament web per garantir el funcionament del nostre lloc web).<br><br></p><p><strong>2.5 Quant de temps conservem les vostres dades personals?</strong></p><p>Conservem les vostres dades personals durant el temps que sigui necessari per prestar els nostres serveis i complir amb les nostres obligacions legals.<br><br></p><p><strong>2.6 Els seus drets relacionats amb les seves dades personals</strong></p><p>Tens dret a accedir, rectificar o suprimir les teves dades personals. També tens dret a oposar-te al tractament de les teves dades o sol·licitar-ne la portabilitat. Per exercir aquests drets o si tens cap pregunta o dubte sobre la recopilació i l&#8217;ús de les teves dades personals, contacta amb nosaltres a través de la pàgina de contacte.  <br><br></p><h4>Article 3. Modificació de la nostra política de privacitat </h4><p>Ens reservem el dret de modificar aquesta política de privacitat en qualsevol moment. Us animem a revisar aquesta política periòdicament per mantenir-vos informats de les nostres pràctiques de privacitat. <br><br></p><h3>Política de cookies</h3><p>El nostre lloc web utilitza cookies per millorar l “experiència de navegació dels nostres usuaris. Les cookies són petits fitxers de text que es col·loquen a l” ordinador o al dispositiu mòbil quan visiteu un lloc web. </p><h4>Tipus de galetes</h4><p><strong>Fem servir dos tipus de cookies al nostre lloc web.</strong></p><ul><li>Galetes funcionals: Aquestes galetes són necessàries perquè el lloc web funcioni i et permeten utilitzar les seves funcions, com ara accedir a pàgines segures.</li><li>Galetes de seguiment: Aquestes galetes s&#8217;utilitzen per recopilar informació sobre com els visitants utilitzen el lloc web, com ara les pàgines visitades, el temps que hi passen i qualsevol error.</li></ul><div> </div><p>Fem servir aquesta informació per millorar el funcionament del nostre lloc web i entendre les necessitats dels nostres usuaris.</p><p> </p><p><b>Control de galetes</b></p><p>Podeu optar per acceptar o rebutjar l “ús de cookies al nostre lloc web. Si voleu rebutjar les cookies, podeu canviar la configuració del vostre navegador per bloquejar totes les cookies o per rebre un avis abans que una cookie s” emmagatzemi al vostre ordinador o dispositiu mòbil. Tanmateix, tingueu en compte que si bloquegeu les cookies, és possible que algunes funcions del nostre lloc web no funcionin correctament.  </p><p>També fem servir cookies de tercers, que col·loquen tercers com ara proveïdors de serveis d “anàlisi. No tenim cap control sobre aquestes cookies de tercers i us recomanem que reviseu les polítiques de privadesa d” aquests tercers per obtenir més informació sobre el seu ús de les cookies. </p><p> </p><h4>Modificació de la política de cookies</h4><p>Ens reservem el dret de modificar aquesta Política de Cookies en qualsevol moment. Qualsevol canvi es publicarà en aquesta pàgina amb la data de l “última actualització. Si continueu utilitzant el nostre lloc web després que s” hagin publicat aquests canvis, això significarà que accepteu la Política de Cookies actualitzada.  </p><h4>Controlador de dades<br> <span style="font-family: Montserrat, sans-serif; font-size: 18px; font-weight: 500; letter-spacing: normal;">Veure avisos legals</span></h4><p>Podeu contactar amb nosaltres des de la pàgina de contacte enviant un formulari de contacte.</p><p>Gràcies per la vostra confiança i interès en els nostres serveis.</p>								</div>
				</div>
					</div>
				</div>
				</div>

<p>Política de privacitat Política de privacitat Article 1. Objectiu i modificació de la política de privacitat Objectiu d&#8217;aquest Acord Aquest lloc web dóna molta importància al respecte a la vostra privadesa i, per extensió, a l “ús de les vostres dades personals. Per tant, hem escrit la nostra Política de privadesa amb l” objectiu de [&hellip;]</p>
